 = 4*z - 40 + 16. Calculate the highest common divisor of m and z.
6
Let d(k) = k**3 - 6*k**2 - 2. Let w be d(6). Let m be (3 - w)/((-1)/(-2)). What is the greatest common divisor of 10 and m?
10
Let u = -44 + 124. Suppose -q - 4*q + u = 0. Let h be (-2)/(-15) - (-15 + 1391/195). What is the greatest common divisor of q and h?
8
Let j = -8 + 3. Let f(t) = -t**3 - 4*t**2 - t - 4. Let u be f(j). Let n be (-2)/(0 + 1)*-13. What is the greatest common factor of n and u?
26
Let s be (4 - (6 - 2))/(-1). Suppose s = 19*m - 149 - 60. What is the highest common factor of 33 and m?
11
Let n(o) = 2*o**2 + 7*o + 6. Let x be n(-9). Let v(w) = 3*w - 1. Let s be v(9). Let h be 4/s - 1355/(-65). Calculate the greatest common factor of h and x.
21
Let p = -274 - -293. Calculate the highest common divisor of 1577 and p.
19
Let o = -19 - -24. Suppose -o*k = -k - 48. Calculate the highest common factor of 3 and k.
3
Let o = -51 - -125. Let q = o + -60. Suppose -b + 17 = 4*r - r, b - 3 = -r. What is the greatest common factor of q and r?
7
Let s(d) = 2*d**2 + 3*d - 4. Let l be s(4). Suppose -2*a - 2*a - l = 0. Let p be ((-21)/15)/(2/a). What is the greatest common divisor of p and 49?
7
Suppose 285*r - 23 + 105 = 326*r. Let d(c) = -c**2 - 6*c. Let n be d(-4). What is the highest common divisor of r and n?
2
Suppose -3*i + 126 = -3*h, i = 4*i + 4*h - 154. Suppose 3*r - 96 - 150 = 2*v, 0 = 5*v. Let u = r - i. Calculate the highest common factor of 90 and u.
18
Let a(j) = -5*j - 2 + 0 - 4*j**2 + 2*j + 8*j**2 + j**3. Let i be a(-4). Suppose 0 = -3*t + i + 11. What is the highest common factor of t and 56?
7
Let v(n) = n**2 + 6*n - 142. Let q be v(23). Calculate the greatest common factor of q and 150.
75
Suppose -2*k + 14*f - 10*f + 84 = 0, 2*k - f = 93. Calculate the greatest common factor of 912 and k.
48
Let r = 1557 + -1555. Calculate the highest common divisor of r and 50.
2
Let m = -123 - -141. Calculate the greatest common divisor of 27 and m.
9
Suppose -w + q = -191, 3*w + 4*q - 9*q = 571. Suppose 3*j - w = -5*j. Calculate the greatest common divisor of 12 and j.
12
Suppose -12 = -3*x - 3*d - 69, -4*x = 2*d + 86. Let z = -13 - -9. Let i = z - x. Calculate the highest common factor of 200 and i.
20
Let p = 12 - 9. Suppose -p*c = 2*c - 40. Let j = c - 0. Calculate the greatest common divisor of j and 12.
4
Let g be 6/(-12) - (13041/(-6))/7. Calculate the greatest common factor of 496 and g.
62
Let b be ((-2)/(-6))/(19/22800). What is the highest common factor of 160 and b?
80
Suppose -5*w + g = -1645, -3*g - 842 - 803 = -5*w. What is the greatest common factor of w and 141?
47
Suppose -j + 26 = -54. What is the greatest common factor of j and 10?
10
Let a(w) = -2*w + 4. Let b be a(-1). Suppose -2*j + b = 0, x - 4*j = 3*x - 24. What is the greatest common factor of x and 14?
2
Suppose 404 = 5*q + 354. Calculate the highest common divisor of q and 310.
10
Let z(v) = -v - 11. Suppose -14 + 4 = -w. Let o be z(w). Let j = -6 - o. What is the highest common factor of j and 5?
5
Suppose 7*g - 1559 = 121. Calculate the greatest common divisor of 320 and g.
80
Suppose 3*a + 19 = -4*j - 41, 4*a = -j - 15. Let w be ((-15)/j)/(2/104). What is the greatest common factor of 260 and w?
52
Let n(o) = 2*o**2 + 24*o - 200. Let a be n(-26). What is the greatest common divisor of 96 and a?
48
Let g = 43 - 41. Suppose g*u = 4*u - 132. What is the greatest common factor of u and 6?
6
Let v = -78 + 89. Let j(s) = -s**3 + 12*s**2 - 7*s + 28. Let h be j(v). What is the greatest common factor of h and 9?
9
Suppose -2*u + 23 = 55. Let f(k) = -7*k + 21. Let x be f(u). Calculate the highest common factor of x and 19.
19
Let w = 20 - -18. Suppose 22*x - 380 = 38. What is the highest common divisor of w and x?
19
Let m = 517 + -485. Calculate the highest common factor of m and 136.
8
Suppose -63*y = -67*y + 456. Calculate the greatest common divisor of 285 and y.
57
Suppose 11*n - x = 8*n + 487, 3*x - 310 = -2*n. What is the highest common divisor of 23 and n?
23
Let r = 361 - 338. Calculate the highest common factor of r and 736.
23
Suppose -69 + 24 = -u. Suppose 4*z = -4*v + 1386 - 494, v - 227 = z. What is the greatest common divisor of u and v?
45
Suppose c - 8*g + 5*g = 2199, -4*g + 4428 = 2*c. Calculate the greatest common divisor of c and 6.
6
Suppose 0 = 2*b - 3*b. Suppose 0 = -b*q - 5*q + 145. Suppose 0 = -l - 9 + q. Calculate the greatest common divisor of l and 4.
4
Suppose -4*g + 136 - 144 = 0. Let q be 5/(1 - -9) + (-23)/g. What is the greatest common factor of q and 12?
12
Suppose 346 - 89 = 4*f + 3*a, 0 = 2*f + 4*a - 126. What is the greatest common factor of 26 and f?
13
Let i = 37 + -16. Let h be (-1054)/(-12) + i/126. What is the greatest common divisor of h and 8?
8
Let b(k) = 2*k + 4. Let j be b(-1). Let i be (1 - 9)/(60/(-150)). What is the greatest common divisor of i and j?
2
Let p be (-9 - 175/21)/(6/(-9)). What is the highest common divisor of 1521 and p?
13
Let s(t) = t**2 - 14*t + 51. Let a be s(9). Let q = 2 + 0. Calculate the highest common factor of a and q.
2
Let o(k) = 29*k + 27*k**3 + 25*k + k**2 - 55*k. Let m be o(1). What is the greatest common factor of m and 18?
9
Let x = 11 - 21. Let y(n) be the first derivative of -2*n**2 - 4*n - 5. Let t be y(x). Calculate the highest common divisor of 9 and t.
9
Suppose 3 + 9 = 2*q. Let d = q - 0. Let u be (-54)/(-12)*(-56)/(-6). Calculate the highest common divisor of u and d.
6
Let g(v) = 2*v + 10. Let b be g(-5). Suppose w = 5*j - b*w - 497, -4*j + w = -398. Calculate the greatest common factor of 11 and j.
11
Suppose 3*k - 46 = h, -3*k + 65 = 2*k - 4*h. What is the highest common factor of k and 2?
1
Suppose 16*f = 11*f. Suppose -290 = -5*o - f*o. Calculate the highest common divisor of o and 29.
29
Let u be (-7)/((-168)/37242) - 10/(-40). Calculate the greatest common divisor of 16 and u.
16
Let k(c) = c**2 - 6*c - 6. Let f(n) = -2*n - 26. Let y be f(-17). Let s be k(y). What is the highest common factor of s and 30?
10
Let x be 2856 - -40 - (7 - 0). What is the greatest common factor of x and 107?
107
Let a(l) = 4*l**2 + 18*l + 25. Let k be a(-10). What is the greatest common factor of k and 49?
49
Let q(x) = -x + 6. Let u be q(1). Suppose 3*r + 79 - 230 = -u*z, 0 = 2*z - 10. Calculate the greatest common factor of 28 and r.
14
Suppose 3*w = -2*s - 9, 17 - 2 = -5*w. Let g be 1*(s + -3) + 6. Suppose -30 = -10*q + 8*q. What is the greatest common factor of g and q?
3
Let c = 22 - 27. Let l(g) = -g. Let o be l(c). Calculate the highest common factor of o and 30.
5
Let n = 101 - -392. Calculate the highest common divisor of 136 and n.
17
Suppose -3*a = -0*a + 33. Let i = 14 + a. Suppose i*z = n + 2*n - 378, -5*n - 4*z = -648. Calculate the greatest common factor of 16 and n.
16
Let y(r) = 5*r + 25. Let h be y(5). Calculate the highest common factor of h and 25.
25
Suppose f - 960 = -2*g, -630 = -3*g + 5*f + 823. What is the highest common divisor of 37 and g?
37
Suppose -2*w - 4*s + s = -238, 4*w - 5*s - 520 = 0. Let u be 5 + w + 3/(-1). Suppose 0 = -4*x + u + 65. What is the greatest common divisor of x and 8?
8
Let y = 177 + -168. What is the highest common divisor of y and 87?
3
Let p = -3737 + 3770. Let k be (2 + -3)*(-3 + -19). What is the greatest common divisor of p and k?
11
Let b = -731 + 1567. What is the highest common factor of b and 110?
22
Let s be 272 + -11 + -5 + -5 + -1. Calculate the greatest common divisor of s and 25.
25
Let q = 137 - 115. Suppose 2*t - q = 4*a, 2*t - a - 11 = -4. Let l = -2 - -3. Calculate the highest common divisor of l and t.
1
Let q be 29*(-8)/12*-3. Suppose -d + q = 2*d + 2*k, 65 = 5*d - 3*k. Let o be (-182)/(-5) + d/(-40). Calculate the highest common factor of o and 90.
18
Suppose 5*l - 300 = -50. What is the greatest common divisor of 470 and l?
10
Let z(g) = g**3 - 1256*g**2 - 4 + 0*g**3 + 14*g + 1273*g**2. Let r be z(-16). Calculate the greatest common divisor of r and 4.
4
Let p be (-2)/(-19) + 678/57. Calculate the greatest common factor of p and 4908.
12
Let b be (-4*2 - -4) + -7. Let d(x) = 2*x**2 + 22*x + 3. Let g be d(b). Calculate the highest common factor of g and 2.
1
Let v be 12/30 - 39/(-15). What is the highest common factor of v and 30?
3
Suppose -r = 2